{"id":4766,"date":"2026-02-12T10:49:21","date_gmt":"2026-02-12T10:49:21","guid":{"rendered":"https:\/\/superiorroomsinlaspezia.com\/privacy-policy\/"},"modified":"2026-04-20T08:53:23","modified_gmt":"2026-04-20T08:53:23","slug":"privacy-policy","status":"publish","type":"page","link":"https:\/\/superiorroomsinlaspezia.com\/fr\/privacy-policy\/","title":{"rendered":"Privacy Policy fr"},"content":{"rendered":"\r\n<p class=\"font-claude-response-body break-words whitespace-normal leading-[1.7]\"><strong>POLITIQUE DE CONFIDENTIALIT\u00c9 \u2013 TRAITEMENT DES DONN\u00c9ES PERSONNELLES (Art. 13 RGPD)<\/strong><\/p>\r\n<p class=\"font-claude-response-body break-words whitespace-normal leading-[1.7]\">Site web : <a class=\"underline underline underline-offset-2 decoration-1 decoration-current\/40 hover:decoration-current focus:decoration-current\" href=\"http:\/\/www.affittacameregolfoecinqueterre.it\" rel=\"nofollow noopener\" target=\"_blank\">www.affittacameregolfoecinqueterre.it<\/a><\/p>\r\n<p class=\"font-claude-response-body break-words whitespace-normal leading-[1.7]\"><strong>1. Responsable du traitement<\/strong><\/p>\r\n<p class=\"font-claude-response-body break-words whitespace-normal leading-[1.7]\">Affittacamere Golfo e Cinque Terre Piazza Saint Bon, 15 19121 La Spezia (SP) \u2013 Italie T\u00e9l. +39.333.2808002 E-mail : <a class=\"underline underline underline-offset-2 decoration-1 decoration-current\/40 hover:decoration-current focus:decoration-current\" href=\"mailto:info.superior@affittacameregolfoecinqueterre.it\">info.superior@affittacameregolfoecinqueterre.it<\/a> N\u00b0 TVA 01196340119<\/p>\r\n<p class=\"font-claude-response-body break-words whitespace-normal leading-[1.7]\"><strong>2. Types de donn\u00e9es trait\u00e9es<\/strong><\/p>\r\n<p class=\"font-claude-response-body break-words whitespace-normal leading-[1.7]\">Donn\u00e9es de navigation : Le fonctionnement du site web implique la collecte de certaines donn\u00e9es personnelles (par ex. adresses IP), dont la transmission est inh\u00e9rente \u00e0 l&rsquo;utilisation des protocoles de communication Internet. Ces donn\u00e9es sont g\u00e9r\u00e9es par la soci\u00e9t\u00e9 d&rsquo;h\u00e9bergement, en qualit\u00e9 de sous-traitant, afin de garantir la s\u00e9curit\u00e9 et le bon fonctionnement du site. Le Responsable du traitement n&rsquo;effectue aucun acc\u00e8s ni utilisation directe de ces informations, sauf en cas d&rsquo;obligation l\u00e9gale ou de demande des Autorit\u00e9s.<\/p>\r\n<p class=\"font-claude-response-body break-words whitespace-normal leading-[1.7]\">Donn\u00e9es fournies volontairement : Nom, pr\u00e9nom, adresse e-mail et autres donn\u00e9es transmises via les coordonn\u00e9es de contact ou pour l&rsquo;inscription \u00e0 la newsletter.<\/p>\r\n<p class=\"font-claude-response-body break-words whitespace-normal leading-[1.7]\">Cookies : Pour plus de d\u00e9tails, veuillez consulter la Politique relative aux cookies.<\/p>\r\n<p class=\"font-claude-response-body break-words whitespace-normal leading-[1.7]\"><strong>3. Finalit\u00e9s, base juridique et dur\u00e9e de conservation<\/strong><\/p>\r\n<div class=\"overflow-x-auto w-full px-2 mb-6\">\r\n<table class=\"min-w-full border-collapse text-sm leading-[1.7] whitespace-normal\">\r\n<thead class=\"text-left\">\r\n<tr>\r\n<th class=\"text-text-100 border-b-0.5 border-border-300\/60 py-2 pr-4 align-top font-bold\" scope=\"col\">Finalit\u00e9<\/th>\r\n<th class=\"text-text-100 border-b-0.5 border-border-300\/60 py-2 pr-4 align-top font-bold\" scope=\"col\">Base juridique<\/th>\r\n<th class=\"text-text-100 border-b-0.5 border-border-300\/60 py-2 pr-4 align-top font-bold\" scope=\"col\">Dur\u00e9e de conservation<\/th>\r\n<\/tr>\r\n<\/thead>\r\n<tbody>\r\n<tr>\r\n<td class=\"border-b-0.5 border-border-300\/30 py-2 pr-4 align-top\">R\u00e9ponse aux demandes de contact : Gestion des communications envoy\u00e9es par e-mail ou par t\u00e9l\u00e9phone.<\/td>\r\n<td class=\"border-b-0.5 border-border-300\/30 py-2 pr-4 align-top\">Ex\u00e9cution de mesures pr\u00e9contractuelles ou contractuelles (Art. 6.1.b RGPD).<\/td>\r\n<td class=\"border-b-0.5 border-border-300\/30 py-2 pr-4 align-top\">Temps n\u00e9cessaire pour r\u00e9pondre \u00e0 la demande, puis 12 mois \u00e0 des fins de gestion.<\/td>\r\n<\/tr>\r\n<tr>\r\n<td class=\"border-b-0.5 border-border-300\/30 py-2 pr-4 align-top\">R\u00e9servations : Gestion de la r\u00e9servation.<\/td>\r\n<td class=\"border-b-0.5 border-border-300\/30 py-2 pr-4 align-top\">Ex\u00e9cution de mesures pr\u00e9contractuelles ou contractuelles (Art. 6.1.b RGPD).<\/td>\r\n<td class=\"border-b-0.5 border-border-300\/30 py-2 pr-4 align-top\">Donn\u00e9es fiscales : conserv\u00e9es pendant 10 ans (Code civil italien, art. 2220, et r\u00e9glementation fiscale). Donn\u00e9es communiqu\u00e9es \u00e0 la S\u00e9curit\u00e9 publique (Alloggiati Web) : conserv\u00e9es pendant 5 ans. Autres donn\u00e9es de r\u00e9servation : conserv\u00e9es pendant 10 ans. En cas d&rsquo;annulation de la r\u00e9servation : donn\u00e9es supprim\u00e9es dans un d\u00e9lai de 3 mois.<\/td>\r\n<\/tr>\r\n<tr>\r\n<td class=\"border-b-0.5 border-border-300\/30 py-2 pr-4 align-top\">Inscription \u00e0 la newsletter : Envoi de mises \u00e0 jour et de communications informatives\/professionnelles.<\/td>\r\n<td class=\"border-b-0.5 border-border-300\/30 py-2 pr-4 align-top\">Consentement expr\u00e8s de la personne concern\u00e9e (Art. 6.1.a RGPD).<\/td>\r\n<td class=\"border-b-0.5 border-border-300\/30 py-2 pr-4 align-top\">Jusqu&rsquo;au retrait du consentement (d\u00e9sinscription) par l&rsquo;utilisateur.<\/td>\r\n<\/tr>\r\n<tr>\r\n<td class=\"border-b-0.5 border-border-300\/30 py-2 pr-4 align-top\">S\u00e9curit\u00e9 et maintenance : Pr\u00e9vention des fraudes, abus ou dysfonctionnements techniques.<\/td>\r\n<td class=\"border-b-0.5 border-border-300\/30 py-2 pr-4 align-top\">Int\u00e9r\u00eat l\u00e9gitime du Responsable du traitement (Art. 6.1.f RGPD).<\/td>\r\n<td class=\"border-b-0.5 border-border-300\/30 py-2 pr-4 align-top\">En r\u00e8gle g\u00e9n\u00e9rale, 30 \u00e0 60 jours (journaux syst\u00e8me), sauf n\u00e9cessit\u00e9 li\u00e9e \u00e0 une enqu\u00eate p\u00e9nale.<\/td>\r\n<\/tr>\r\n<\/tbody>\r\n<\/table>\r\n<\/div>\r\n<p class=\"font-claude-response-body break-words whitespace-normal leading-[1.7]\"><strong>4. Nature de la communication des donn\u00e9es<\/strong><\/p>\r\n<p class=\"font-claude-response-body break-words whitespace-normal leading-[1.7]\">La communication des donn\u00e9es aux fins de contact est n\u00e9cessaire pour recevoir une r\u00e9ponse ; la communication des donn\u00e9es pour la r\u00e9servation est n\u00e9cessaire pour traiter la demande : le d\u00e9faut de communication rendra impossible le traitement de votre demande. La communication des donn\u00e9es pour la newsletter est facultative : le refus n&rsquo;affecte pas la navigation sur le site.<\/p>\r\n<p class=\"font-claude-response-body break-words whitespace-normal leading-[1.7]\"><strong>5. Modalit\u00e9s de traitement et destinataires<\/strong><\/p>\r\n<p class=\"font-claude-response-body break-words whitespace-normal leading-[1.7]\">Le traitement est effectu\u00e9 au moyen d&rsquo;outils informatiques et, de mani\u00e8re marginale, sur support papier. Vos donn\u00e9es ne seront accessibles qu&rsquo;aux personnes autoris\u00e9es et form\u00e9es par le Responsable du traitement. Elles peuvent \u00eatre communiqu\u00e9es \u00e0 :<\/p>\r\n<ul class=\"[li_&amp;]:mb-0 [li_&amp;]:mt-1 [li_&amp;]:gap-1 [&amp;:not(:last-child)_ul]:pb-1 [&amp;:not(:last-child)_ol]:pb-1 list-disc flex flex-col gap-1 pl-8 mb-3\">\r\n<li class=\"whitespace-normal break-words pl-2\">Sous-traitants : Prestataires externes fournissant des services pour le compte du Responsable du traitement (par ex. h\u00e9bergeur, agence web pour l&rsquo;assistance technique, fournisseur de la plateforme newsletter, fournisseur de la plateforme de gestion des r\u00e9servations).<\/li>\r\n<li class=\"whitespace-normal break-words pl-2\">Responsables autonomes : Entit\u00e9s auxquelles les donn\u00e9es doivent \u00eatre communiqu\u00e9es en vertu d&rsquo;obligations l\u00e9gales (par ex. \u00e9tablissements bancaires, autorit\u00e9s publiques).<\/li>\r\n<\/ul>\r\n<p class=\"font-claude-response-body break-words whitespace-normal leading-[1.7]\">La liste actualis\u00e9e des sous-traitants peut \u00eatre demand\u00e9e au Responsable du traitement. Les donn\u00e9es ne font l&rsquo;objet d&rsquo;aucune diffusion.<\/p>\r\n<p class=\"font-claude-response-body break-words whitespace-normal leading-[1.7]\"><strong>6. Transfert de donn\u00e9es hors UE<\/strong><\/p>\r\n<p class=\"font-claude-response-body break-words whitespace-normal leading-[1.7]\">Le Responsable du traitement ne transf\u00e8re pas de donn\u00e9es personnelles vers des pays tiers situ\u00e9s en dehors de l&rsquo;Espace \u00e9conomique europ\u00e9en (EEE).<\/p>\r\n<p class=\"font-claude-response-body break-words whitespace-normal leading-[1.7]\"><strong>7. Droits de la personne concern\u00e9e<\/strong><\/p>\r\n<p class=\"font-claude-response-body break-words whitespace-normal leading-[1.7]\">Conform\u00e9ment aux articles 15 \u00e0 22 du RGPD, vous avez le droit de :<\/p>\r\n<ul class=\"[li_&amp;]:mb-0 [li_&amp;]:mt-1 [li_&amp;]:gap-1 [&amp;:not(:last-child)_ul]:pb-1 [&amp;:not(:last-child)_ol]:pb-1 list-disc flex flex-col gap-1 pl-8 mb-3\">\r\n<li class=\"whitespace-normal break-words pl-2\">Acc\u00e9der \u00e0 vos donn\u00e9es personnelles et en demander la rectification, l&rsquo;int\u00e9gration ou la suppression (droit \u00e0 l&rsquo;oubli).<\/li>\r\n<li class=\"whitespace-normal break-words pl-2\">Demander la limitation du traitement ou vous y opposer pour des motifs l\u00e9gitimes.<\/li>\r\n<li class=\"whitespace-normal break-words pl-2\">Obtenir la portabilit\u00e9 des donn\u00e9es.<\/li>\r\n<li class=\"whitespace-normal break-words pl-2\">Retirer votre consentement \u00e0 tout moment (sans pr\u00e9judice de la lic\u00e9it\u00e9 du traitement effectu\u00e9 avant le retrait).<\/li>\r\n<li class=\"whitespace-normal break-words pl-2\">Introduire une r\u00e9clamation aupr\u00e8s de l&rsquo;Autorit\u00e9 de contr\u00f4le (<a class=\"underline underline underline-offset-2 decoration-1 decoration-current\/40 hover:decoration-current focus:decoration-current\" href=\"http:\/\/www.garanteprivacy.it\" rel=\"nofollow noopener\" target=\"_blank\">www.garanteprivacy.it<\/a>) en vertu de l&rsquo;art. 77 du RGPD.<\/li>\r\n<\/ul>\r\n<p class=\"font-claude-response-body break-words whitespace-normal leading-[1.7]\">Modalit\u00e9s d&rsquo;exercice : En envoyant une lettre recommand\u00e9e avec accus\u00e9 de r\u00e9ception \u00e0 l&rsquo;adresse du Responsable du traitement ou un e-mail \u00e0 : <a class=\"underline underline underline-offset-2 decoration-1 decoration-current\/40 hover:decoration-current focus:decoration-current\" href=\"mailto:info.superior@affittacameregolfoecinqueterre.it\">info.superior@affittacameregolfoecinqueterre.it<\/a>.<\/p>\r\n","protected":false},"excerpt":{"rendered":"<p>POLITIQUE DE CONFIDENTIALIT\u00c9 \u2013 TRAITEMENT DES DONN\u00c9ES PERSONNELLES (Art. 13 RGPD) Site web : www.affittacameregolfoecinqueterre.it 1. Responsable du traitement Affittacamere Golfo e Cinque Terre Piazza Saint Bon, 15 19121 La Spezia (SP) \u2013 Italie T\u00e9l. +39.333.2808002 E-mail : info.superior@affittacameregolfoecinqueterre.it N\u00b0 TVA 01196340119 2. Types de donn\u00e9es trait\u00e9es Donn\u00e9es de navigation : Le fonctionnement du site [&hellip;]<\/p>\n","protected":false},"author":1,"featured_media":0,"parent":0,"menu_order":0,"comment_status":"closed","ping_status":"open","template":"","meta":{"_acf_changed":false,"_joinchat":[],"footnotes":""},"class_list":["post-4766","page","type-page","status-publish","hentry"],"acf":[],"_links":{"self":[{"href":"https:\/\/superiorroomsinlaspezia.com\/fr\/wp-json\/wp\/v2\/pages\/4766","targetHints":{"allow":["GET"]}}],"collection":[{"href":"https:\/\/superiorroomsinlaspezia.com\/fr\/wp-json\/wp\/v2\/pages"}],"about":[{"href":"https:\/\/superiorroomsinlaspezia.com\/fr\/wp-json\/wp\/v2\/types\/page"}],"author":[{"embeddable":true,"href":"https:\/\/superiorroomsinlaspezia.com\/fr\/wp-json\/wp\/v2\/users\/1"}],"replies":[{"embeddable":true,"href":"https:\/\/superiorroomsinlaspezia.com\/fr\/wp-json\/wp\/v2\/comments?post=4766"}],"version-history":[{"count":2,"href":"https:\/\/superiorroomsinlaspezia.com\/fr\/wp-json\/wp\/v2\/pages\/4766\/revisions"}],"predecessor-version":[{"id":4768,"href":"https:\/\/superiorroomsinlaspezia.com\/fr\/wp-json\/wp\/v2\/pages\/4766\/revisions\/4768"}],"wp:attachment":[{"href":"https:\/\/superiorroomsinlaspezia.com\/fr\/wp-json\/wp\/v2\/media?parent=4766"}],"curies":[{"name":"wp","href":"https:\/\/api.w.org\/{rel}","templated":true}]}}

<p class="font-claude-response-body break-words whitespace-normal leading-[1.7]"><strong>POLITIQUE DE CONFIDENTIALITÉ – TRAITEMENT DES DONNÉES PERSONNELLES (Art. 13 RGPD)</strong></p>
<p class="font-claude-response-body break-words whitespace-normal leading-[1.7]">Site web : <a class="underline underline underline-offset-2 decoration-1 decoration-current/40 hover:decoration-current focus:decoration-current" href="http://www.affittacameregolfoecinqueterre.it" rel="nofollow noopener" target="_blank">www.affittacameregolfoecinqueterre.it</a></p>
<p class="font-claude-response-body break-words whitespace-normal leading-[1.7]"><strong>1. Responsable du traitement</strong></p>
<p class="font-claude-response-body break-words whitespace-normal leading-[1.7]">Affittacamere Golfo e Cinque Terre Piazza Saint Bon, 15 19121 La Spezia (SP) – Italie Tél. +39.333.2808002 E-mail : <a class="underline underline underline-offset-2 decoration-1 decoration-current/40 hover:decoration-current focus:decoration-current" href="mailto:info.superior@affittacameregolfoecinqueterre.it">info.superior@affittacameregolfoecinqueterre.it</a> N° TVA 01196340119</p>
<p class="font-claude-response-body break-words whitespace-normal leading-[1.7]"><strong>2. Types de données traitées</strong></p>
<p class="font-claude-response-body break-words whitespace-normal leading-[1.7]">Données de navigation : Le fonctionnement du site web implique la collecte de certaines données personnelles (par ex. adresses IP), dont la transmission est inhérente à l&rsquo;utilisation des protocoles de communication Internet. Ces données sont gérées par la société d&rsquo;hébergement, en qualité de sous-traitant, afin de garantir la sécurité et le bon fonctionnement du site. Le Responsable du traitement n&rsquo;effectue aucun accès ni utilisation directe de ces informations, sauf en cas d&rsquo;obligation légale ou de demande des Autorités.</p>
<p class="font-claude-response-body break-words whitespace-normal leading-[1.7]">Données fournies volontairement : Nom, prénom, adresse e-mail et autres données transmises via les coordonnées de contact ou pour l&rsquo;inscription à la newsletter.</p>
<p class="font-claude-response-body break-words whitespace-normal leading-[1.7]">Cookies : Pour plus de détails, veuillez consulter la Politique relative aux cookies.</p>
<p class="font-claude-response-body break-words whitespace-normal leading-[1.7]"><strong>3. Finalités, base juridique et durée de conservation</strong></p>
<div class="overflow-x-auto w-full px-2 mb-6">
<table class="min-w-full border-collapse text-sm leading-[1.7] whitespace-normal">
<thead class="text-left">
<tr>
<th class="text-text-100 border-b-0.5 border-border-300/60 py-2 pr-4 align-top font-bold" scope="col">Finalité</th>
<th class="text-text-100 border-b-0.5 border-border-300/60 py-2 pr-4 align-top font-bold" scope="col">Base juridique</th>
<th class="text-text-100 border-b-0.5 border-border-300/60 py-2 pr-4 align-top font-bold" scope="col">Durée de conservation</th>
</tr>
</thead>
<tbody>
<tr>
<td class="border-b-0.5 border-border-300/30 py-2 pr-4 align-top">Réponse aux demandes de contact : Gestion des communications envoyées par e-mail ou par téléphone.</td>
<td class="border-b-0.5 border-border-300/30 py-2 pr-4 align-top">Exécution de mesures précontractuelles ou contractuelles (Art. 6.1.b RGPD).</td>
<td class="border-b-0.5 border-border-300/30 py-2 pr-4 align-top">Temps nécessaire pour répondre à la demande, puis 12 mois à des fins de gestion.</td>
</tr>
<tr>
<td class="border-b-0.5 border-border-300/30 py-2 pr-4 align-top">Réservations : Gestion de la réservation.</td>
<td class="border-b-0.5 border-border-300/30 py-2 pr-4 align-top">Exécution de mesures précontractuelles ou contractuelles (Art. 6.1.b RGPD).</td>
<td class="border-b-0.5 border-border-300/30 py-2 pr-4 align-top">Données fiscales : conservées pendant 10 ans (Code civil italien, art. 2220, et réglementation fiscale). Données communiquées à la Sécurité publique (Alloggiati Web) : conservées pendant 5 ans. Autres données de réservation : conservées pendant 10 ans. En cas d&rsquo;annulation de la réservation : données supprimées dans un délai de 3 mois.</td>
</tr>
<tr>
<td class="border-b-0.5 border-border-300/30 py-2 pr-4 align-top">Inscription à la newsletter : Envoi de mises à jour et de communications informatives/professionnelles.</td>
<td class="border-b-0.5 border-border-300/30 py-2 pr-4 align-top">Consentement exprès de la personne concernée (Art. 6.1.a RGPD).</td>
<td class="border-b-0.5 border-border-300/30 py-2 pr-4 align-top">Jusqu&rsquo;au retrait du consentement (désinscription) par l&rsquo;utilisateur.</td>
</tr>
<tr>
<td class="border-b-0.5 border-border-300/30 py-2 pr-4 align-top">Sécurité et maintenance : Prévention des fraudes, abus ou dysfonctionnements techniques.</td>
<td class="border-b-0.5 border-border-300/30 py-2 pr-4 align-top">Intérêt légitime du Responsable du traitement (Art. 6.1.f RGPD).</td>
<td class="border-b-0.5 border-border-300/30 py-2 pr-4 align-top">En règle générale, 30 à 60 jours (journaux système), sauf nécessité liée à une enquête pénale.</td>
</tr>
</tbody>
</table>
</div>
<p class="font-claude-response-body break-words whitespace-normal leading-[1.7]"><strong>4. Nature de la communication des données</strong></p>
<p class="font-claude-response-body break-words whitespace-normal leading-[1.7]">La communication des données aux fins de contact est nécessaire pour recevoir une réponse ; la communication des données pour la réservation est nécessaire pour traiter la demande : le défaut de communication rendra impossible le traitement de votre demande. La communication des données pour la newsletter est facultative : le refus n&rsquo;affecte pas la navigation sur le site.</p>
<p class="font-claude-response-body break-words whitespace-normal leading-[1.7]"><strong>5. Modalités de traitement et destinataires</strong></p>
<p class="font-claude-response-body break-words whitespace-normal leading-[1.7]">Le traitement est effectué au moyen d&rsquo;outils informatiques et, de manière marginale, sur support papier. Vos données ne seront accessibles qu&rsquo;aux personnes autorisées et formées par le Responsable du traitement. Elles peuvent être communiquées à :</p>
<ul class="[li_&amp;]:mb-0 [li_&amp;]:mt-1 [li_&amp;]:gap-1 [&amp;:not(:last-child)_ul]:pb-1 [&amp;:not(:last-child)_ol]:pb-1 list-disc flex flex-col gap-1 pl-8 mb-3">
<li class="whitespace-normal break-words pl-2">Sous-traitants : Prestataires externes fournissant des services pour le compte du Responsable du traitement (par ex. hébergeur, agence web pour l&rsquo;assistance technique, fournisseur de la plateforme newsletter, fournisseur de la plateforme de gestion des réservations).</li>
<li class="whitespace-normal break-words pl-2">Responsables autonomes : Entités auxquelles les données doivent être communiquées en vertu d&rsquo;obligations légales (par ex. établissements bancaires, autorités publiques).</li>
</ul>
<p class="font-claude-response-body break-words whitespace-normal leading-[1.7]">La liste actualisée des sous-traitants peut être demandée au Responsable du traitement. Les données ne font l&rsquo;objet d&rsquo;aucune diffusion.</p>
<p class="font-claude-response-body break-words whitespace-normal leading-[1.7]"><strong>6. Transfert de données hors UE</strong></p>
<p class="font-claude-response-body break-words whitespace-normal leading-[1.7]">Le Responsable du traitement ne transfère pas de données personnelles vers des pays tiers situés en dehors de l&rsquo;Espace économique européen (EEE).</p>
<p class="font-claude-response-body break-words whitespace-normal leading-[1.7]"><strong>7. Droits de la personne concernée</strong></p>
<p class="font-claude-response-body break-words whitespace-normal leading-[1.7]">Conformément aux articles 15 à 22 du RGPD, vous avez le droit de :</p>
<ul class="[li_&amp;]:mb-0 [li_&amp;]:mt-1 [li_&amp;]:gap-1 [&amp;:not(:last-child)_ul]:pb-1 [&amp;:not(:last-child)_ol]:pb-1 list-disc flex flex-col gap-1 pl-8 mb-3">
<li class="whitespace-normal break-words pl-2">Accéder à vos données personnelles et en demander la rectification, l&rsquo;intégration ou la suppression (droit à l&rsquo;oubli).</li>
<li class="whitespace-normal break-words pl-2">Demander la limitation du traitement ou vous y opposer pour des motifs légitimes.</li>
<li class="whitespace-normal break-words pl-2">Obtenir la portabilité des données.</li>
<li class="whitespace-normal break-words pl-2">Retirer votre consentement à tout moment (sans préjudice de la licéité du traitement effectué avant le retrait).</li>
<li class="whitespace-normal break-words pl-2">Introduire une réclamation auprès de l&rsquo;Autorité de contrôle (<a class="underline underline underline-offset-2 decoration-1 decoration-current/40 hover:decoration-current focus:decoration-current" href="http://www.garanteprivacy.it" rel="nofollow noopener" target="_blank">www.garanteprivacy.it</a>) en vertu de l&rsquo;art. 77 du RGPD.</li>
</ul>
<p class="font-claude-response-body break-words whitespace-normal leading-[1.7]">Modalités d&rsquo;exercice : En envoyant une lettre recommandée avec accusé de réception à l&rsquo;adresse du Responsable du traitement ou un e-mail à : <a class="underline underline underline-offset-2 decoration-1 decoration-current/40 hover:decoration-current focus:decoration-current" href="mailto:info.superior@affittacameregolfoecinqueterre.it">info.superior@affittacameregolfoecinqueterre.it</a>.</p>

<p>POLITIQUE DE CONFIDENTIALITÉ – TRAITEMENT DES DONNÉES PERSONNELLES (Art. 13 RGPD) Site web : www.affittacameregolfoecinqueterre.it 1. Responsable du traitement Affittacamere Golfo e Cinque Terre Piazza Saint Bon, 15 19121 La Spezia (SP) – Italie Tél. +39.333.2808002 E-mail : info.superior@affittacameregolfoecinqueterre.it N° TVA 01196340119 2. Types de données traitées Données de navigation : Le fonctionnement du site [&hellip;]</p>
